ird derivative of -1/24*h**4 + 0*h + 25*h**2 - 1/3*h**3 - 1/60*h**5 + 0. What is v(0)?
-2
Let c(n) be the third derivative of n**4/8 + 2*n**3/3 + 2*n**2. Let l(y) = -y**3 + 10*y**2 + 2*y - 12. Let a be l(10). Let v be (-26)/10 - a/20. What is c(v)?
-5
Let s(i) be the first derivative of -5*i**4/4 + 2*i**3/3 + 3*i**2 - i - 24. Let j(u) = -2*u**3 + u**2 + 2*u. Let w(t) = 8*j(t) - 3*s(t). What is w(2)?
-1
Let a(n) = -23*n + 157. Let h be a(7). Let s(q) = q**2 + 5*q - 4. Let p(w) = 2*w**2 + 10*w - 9. Let t(k) = 6*p(k) - 13*s(k). Calculate t(h).
2
Let q(a) = -11*a**3 + 20*a**2 + 22*a - 25. Let r(i) = -6*i**3 + 10*i**2 + 11*i - 13. Let s(y) = 5*q(y) - 9*r(y). Calculate s(11).
-8
Let a be (1 - 0)*175/5. Suppose 2*z + 2 = -q - 0*z, 4*q = z - a. Let r(f) = -f**3 - 8*f**2 + 4. Give r(q).
4
Suppose -4*y - 28 = k, 29*y - 15*y + 3*k + 98 = 0. Let m(d) = d + 1 + 2 - 1. Give m(y).
-5
Let t(d) = -5*d - 46. Let h be t(-7). Let l = 17 + h. Let r(m) = -m**3 + 7*m**2 - 9*m + 1. Calculate r(l).
-17
Let m = -235 - -373. Let j be (5/15)/(2/m). Let l(p) = -19*p**2 + j*p**2 + p**3 + 1 - 2. Determine l(-3).
8
Let t(l) = -7546*l + 2 + 7546*l - 3*l**2. Give t(-2).
-10
Let g(h) be the second derivative of h**3/6 - 5*h**2/2 + 126*h. Let b be 6/(-45) + 154/30. What is g(b)?
0
Let r(s) = s**2 + 4*s - 6. Suppose 15*u = 10*u + 20. Let k be (-19)/4 - 1/u. Determine r(k).
-1
Let j(n) be the first derivative of n**2/2 + 2*n + 20. Let p be 1 + -4 - (-20)/(-10). What is j(p)?
-3
Let t(c) = -c**2 + 9*c + 2. Let d be t(9). Let w(o) = d - 3*o + 3*o - o**3 - 3*o**2 + 11*o**2 - 7*o. Calculate w(7).
2
Let q(p) = 7*p + 8. Suppose 7*b + 204 - 162 = 0. Determine q(b).
-34
Let w(n) = -4*n**3 + 10*n**3 - 5*n**3 - 2*n**3 + 4 + 3*n - 19*n**2 + 15*n**2. Determine w(-4).
-8
Let t be 72/(-18) - (-1 - 4). Let i(n) = -9*n + 1. Give i(t).
-8
Let v(m) = -m**3 + 13*m**2 + 12*m + 28. Let w be v(14). Let q(r) = -2 + 3*r**3 + 4*r**2 + r + 3*r + w*r - 4*r**3. Give q(5).
-7
Let i(c) = -c**2 + 11*c + 3. Suppose 4*l = -4*t + 36, l + 4*t - 3 = 9*t. Give i(l).
27
Let w(i) = -3*i**2 + 5*i - 4. Let n be w(1). Let h(r) = 16*r - 19. Let g(a) = -3*a + 4. Let o(m) = n*h(m) - 11*g(m). What is o(-5)?
-11
Let a(d) = 12*d - 8. Let p be a(1). Let s(q) = -q**2 + 3*q + 1. Let u be s(p). Let o(f) be the first derivative of -3*f**2/2 + 2*f + 1. Give o(u).
11
Let g(j) = -j**3 - 6*j**2 - 4*j + 2. Let v be 2*(11/55)/(2/(-25)). Calculate g(v).
-3
Let i(u) be the first derivative of 1/3*u**4 + 1 - 1/6*u**3 - u + 1/2*u**2. Let n(p) be the first derivative of i(p). Determine n(1).
4
Let y be 4/(-20) + 4/(-5). Let b(d) be the third derivative of 1/6*d**4 + 0*d + 1/6*d**3 - 3*d**2 + 0. What is b(y)?
-3
Let i be (12/(-4))/(4/36). Let v = 27 + i. Let l(z) = -z**3 - z**2 + z - 7. Give l(v).
-7
Let i = -35 + 37. Let n(u) = -3*u**3 + 3*u**2 - 3*u. Give n(i).
-18
Let y(x) = x**3 - 6*x**2 - 5*x + 10. Let v be (-2)/8 + 261/36. Determine y(v).
24
Let k(o) be the third derivative of 8*o**2 + 0*o - 1/6*o**4 + 1/360*o**6 - 1/30*o**5 + 0 - 1/6*o**3. Let u(b) be the first derivative of k(b). What is u(5)?
1
Let b be (2 - 4/(-4)) + 4/2. Let z(p) = 7*p - b + 14 + 8*p**2 - p**3 - 8*p - 7*p. Suppose -39 = -5*n - 4. Determine z(n).
2
Let f(t) = 84 + t**3 - 102 + 4*t + 22 - 6*t**2. Suppose -5*w + 83 - 13 = 0. Suppose 2*y - 4*r = w, -4*y + r + 11 = -2*y. Give f(y).
-1
Let j(s) = -5*s + 23*s + 4 - 19*s. Let r(a) = a**3 - 4*a**2 - 5*a - 3. Let u be r(5). Determine j(u).
7
Let j be -1 + (-50)/(-7) - 15/105. Let l(s) = 12*s + 4 + j*s + 13*s - s**2 - 29*s. Determine l(3).
1
Let x(d) be the third derivative of -d**4/4 + 10*d**2. Let b(h) = h + 16. Let l be b(-17). Determine x(l).
6
Let c be (-9)/((-18)/(-8)) - -7. Let f(g) = -2*g**2 + 6*g - 1. Give f(c).
-1
Let h(b) = -b**2 + 9*b + 5. Let z(p) = 2*p + 2. Let t(y) = h(y) - 3*z(y). What is t(5)?
-11
Suppose l = 2, 3*l + 21 + 0 = -3*d. Let m be d/(-7) + 4/(-14). Let p = m + 4. Let c(n) = -n**3 + 6*n**2 - 2*n - 1. What is c(p)?
14
Suppose 13*n - 35*n = 154. Let q(y) = y**2 + 8*y + 5. Calculate q(n).
-2
Let f(x) = -x**3 + x**2 - 2*x + 1. Suppose 5*j - 14 = s - 1, 5*j - 19 = -2*s. What is f(s)?
-7
Let t(b) = 3*b**2 + b. Let s be 1/(-4 - -3)*-3. Suppose d = s*x + 10, 0 = 4*d - x - 5 - 2. Give t(d).
4
Let f = 5 - 2. Let b(o) = -o + o**3 + 0*o**3 + 1 - o**2 - 2*o**f. Let k be 0/(2/(-5)*(-5)/(-2)). Determine b(k).
1
Suppose 0 = -25*y + 23 + 27. Let m(r) = r**3 - r. Give m(y).
6
Let w(q) = -11*q**2 - 2*q. Let b(o) = 4*o**2. Let p(z) = 8*b(z) + 3*w(z). Suppose 4*s = -s - 75. Let m = 8 + s. What is p(m)?
-7
Let x(d) = -d**3 + 6*d**2 - 6*d + 7. Let z = 67 - 42. Suppose 31*c + z = 36*c. Calculate x(c).
2
Let z(y) = -y + 4. Let m = 47 + -28. Suppose m + 5 = -4*o. Let c = -6 - o. Calculate z(c).
4
Let k = -26 - -28. Let c(p) = -29*p**k - 26*p**2 + 60*p**2. Determine c(-1).
5
Let y(q) = -q**3 + 6*q**2 - 6*q + 3. Let l = -99 + 96. Let p be l/7 - 114/(-84)*4. Give y(p).
-2
Suppose -134*v + 80 = -142*v. Let y(m) = -m**3 - 9*m**2 + 7*m - 10. What is y(v)?
20
Let h(s) = -s**3 + 2*s**2 + s + 4. Let a = -11 + 19. Suppose -6*f + 2*f + a = 4*x, 3*x - 5 = -4*f. Calculate h(x).
-2
Let y(o) = 0*o + 0*o - 3*o + 4*o. Let b(v) = 3*v + 13. Let d(f) = -b(f) + 5*y(f). Let n be d(10). Let a(w) = w**3 - 6*w**2 - 8*w - 5. Determine a(n).
-12
Let s(k) = 1 - 3*k - k + k**2 + 3*k + 8. Let o = -71 + 71. Determine s(o).
9
Let s be 0 - (-4 + -2) - 12. Let y(g) = g**3 + 6*g**2 - g. What is y(s)?
6
Let g(l) = l**2 + l - 1. Let f(d) = 13*d**2 - 2*d - 1. Let w be f(-1). Let p be (-150)/w - 6/21. Let b = p + 13. What is g(b)?
5
Suppose 2*o - 2 = -o + 2*n, 2*o + 5*n = 14. Let b(j) = -9*j**2 - 3*j**o + j**2 + 16*j**2 - j**3. Calculate b(5).
0
Let t(q) = 12*q + 109. Let r be t(-9). Let u(w) = -7*w**2 + w. Calculate u(r).
-6
Suppose -x + 3*x = -v + 13, v + 3*x = 18. Let u(y) be the first derivative of -1/3*y**3 + 5/2*y**2 - 3*y - 7. Determine u(v).
3
Let q(h) = -h**2 - 2*h - 5. Let w(y) = y**2 + y + 4. Let c(n) = 6*q(n) + 5*w(n). Let s be c(-2). Let i(j) = j**2 - j + 3. Calculate i(s).
3
Let m(y) be the first derivative of y**4/12 - 2*y**3/3 + y**2/2 - 31*y + 15. Let x(c) be the first derivative of m(c). Determine x(5).
6
Suppose -26*h + 107 = -153. Let b(u) = u**2 - 7*u - 5. Determine b(h).
25
Let t(b) = b**2 + 7*b + 1. Let v = 1 + 5. Suppose p = -v*p - 49. Determine t(p).
1
Let g(m) = 6*m + 13*m + 5*m**2 + 4*m - 21*m + m**3. Suppose 2*f - 8 = -4*l, -2*l = -5*f - 7*l. Determine g(f).
8
Let k(q) be the first derivative of -4*q + 1/4*q**4 + 1/2*q**2 + 4/3*q**3 + 26. Give k(-3).
2
Let x(m) = m**2 - 6*m + 6. Suppose -8 = a + 9. Let l = -15 - a. Let p = 6 - l. What is x(p)?
-2
Let y(n) = -2*n**2 + 13*n - 1. Let c be y(6). Let x = 20 - 18. Let w(t) = -5*t + x*t + 7 + t - 3. What is w(c)?
-6
Suppose 0 = -2*z - 4*r - 14, z + 4*r - 3 = 7*r. Let y(l) = -l**3 - 3*l - 1. Determine y(z).
35
Let i(z) = z + 5. Let r be i(-7). Suppose 0 = -2*m + 5*q + 1, 7 = 4*m - 5*q - 0. Let u(k) = 5*k - k - m - 6*k + k**2. Give u(r).
5
Let l be (1 + -6)/((-6)/12). Let i(d) = -1 + l*d - 8*d + 2. Determine i(3).
7
Let k(w) = -w + 1. Let d be k(7). Let v(i) = 29*i**2 - i**3 + 6*i - 34*i**2 + 0 - 3. Calculate v(d).
-3
Let s(q) be the first derivative of -q**2 - 27*q + 148. What is s(-13)?
-1
Let h(c) = c**2 - 6. Let u be h(0). Let s = u + 17. Let p(v) = -s*v + 3*v - 6*v. Give p(1).
-14
Let b(i) = i**3 + 4*i**2 + 2*i + 4. Let g(y) = -8*y**3 - 1. Let n(m) = m + 9. Let o be n(-8). Let v be g(o). Let w = 5 + v. Calculate b(w).
-4
Let d(c) = 5*c**2 - 4*c - 15. Let a(q) = -6*q**2 + 5*q + 15. Let r(x) = 6*x - 3. Let w be r(2). Let n = w + -5. Let g(t) = n*a(t) + 5*d(t). What is g(0)?
-15
Let o(l) be the first derivative of -l**2/2 - 3*l + 74. Suppose w = -4*w. Suppose w = -0*q + 2*q - 8. Calculate o(q).
-7
Let y(n) = -n**3 - 6*n**2 - 3*n + 10. Let w = -299 - -294. Give y(w).
0
Let f(x) = -6*x**2 + 5*x - 10. Let g(s) = s**2 - 1. Let b(w) = -11*w**2 + 4*w - 3. Let k(m) = -b(m) - 6*g(m). Let q(l) = -6*f(l) - 7*k(l). What is q(-3)?
12
Let k = -24 + 27. Let y(c) = -k*c + 13 + c - 17. What is y(3)?
-10
Let g(l) = -635 + 4*l + 317 + 328. Give g(-6).
-14
Let n(u) = -25*u. Let j(m) = -3*m. Let k(h) = -6*j(h) + n(h). Determine k(-2).
14
Let k(t) = t**3 + 4*t**2 + 5*t + 3. Suppose u = -4*g - 12, 8 = -g + 4*u 